 1782?
True
Is 138 a factor of 60379?
False
Is 81 a factor of 1782?
True
Does 42 divide 5166?
True
Is 24624 a multiple of 24?
True
Is 132 a factor of 9123?
False
Is 9 a factor of 1133?
False
Is 167 a factor of 17896?
False
Is 11149 a multiple of 15?
False
Is 8721 a multiple of 2?
False
Is 419 a multiple of 39?
False
Is 14610 a multiple of 6?
True
Does 71 divide 4402?
True
Is 1620 a multiple of 18?
True
Is 55100 a multiple of 76?
True
Is 19362 a multiple of 9?
False
Is 124 a factor of 55304?
True
Does 36 divide 1261?
False
Is 747 a multiple of 20?
False
Is 10 a factor of 380?
True
Does 29 divide 10324?
True
Is 23 a factor of 3736?
False
Does 50 divide 1250?
True
Is 24 a factor of 2688?
True
Is 280 a factor of 28845?
False
Is 8 a factor of 3208?
True
Is 728 a multiple of 7?
True
Is 1321 a multiple of 15?
False
Does 60 divide 660?
True
Is 1974 a multiple of 26?
False
Does 22 divide 8844?
True
Does 12 divide 71111?
False
Does 13 divide 3172?
True
Is 3158 a multiple of 5?
False
Is 101 a factor of 3662?
False
Is 12 a factor of 7368?
True
Is 2 a factor of 1536?
True
Does 59 divide 101421?
True
Is 28 a multiple of 4?
True
Is 5 a factor of 958?
False
Is 12325 a multiple of 17?
True
Is 8974 a multiple of 64?
False
Does 9 divide 6034?
False
Is 385 a multiple of 2?
False
Is 12 a factor of 4768?
False
Does 32 divide 928?
True
Is 3416 a multiple of 28?
True
Does 63 divide 7014?
False
Does 6 divide 6162?
True
Is 3062 a multiple of 43?
False
Is 224 a factor of 16576?
True
Is 3437 a multiple of 12?
False
Is 29 a factor of 145?
True
Is 880 a multiple of 16?
True
Is 5 a factor of 6688?
False
Is 53 a factor of 10441?
True
Does 2 divide 691?
False
Is 1000 a multiple of 25?
True
Is 624 a multiple of 16?
True
Is 8 a factor of 58?
False
Is 3 a factor of 648?
True
Does 22 divide 30286?
False
Is 42 a factor of 2285?
False
Is 75 a multiple of 3?
True
Does 29 divide 6032?
True
Is 35535 a multiple of 112?
False
Is 3 a factor of 8544?
True
Is 83 a factor of 996?
True
Is 9590 a multiple of 3?
False
Is 23 a factor of 410?
False
Does 76 divide 3937?
False
Is 25 a factor of 575?
True
Is 23 a factor of 3259?
False
Is 1560 a multiple of 40?
True
Is 19538 a multiple of 15?
False
Is 47 a factor of 19420?
False
Does 7 divide 98?
True
Is 17 a factor of 544?
True
Is 8 a factor of 246?
False
Does 43 divide 1201?
False
Does 24 divide 264?
True
Is 165 a factor of 5115?
True
Does 17 divide 1139?
True
Does 149 divide 8195?
True
Is 10 a factor of 11560?
True
Does 56 divide 434?
False
Does 23 divide 9936?
True
Is 2 a factor of 196?
True
Is 1457 a multiple of 9?
False
Is 15 a factor of 89?
False
Is 95 even?
False
Does 10 divide 732?
False
Is 6 a factor of 9708?
True
Is 672 a multiple of 84?
True
Is 28 a factor of 6797?
False
Does 48 divide 888?
False
Is 5556 a multiple of 11?
False
Is 72 a factor of 9144?
True
Does 27 divide 42574?
False
Is 17 a factor of 2653?
False
Is 7 a factor of 8259?
False
Is 5713 a multiple of 66?
False
Is 16 a factor of 4448?
True
Is 6 a factor of 362?
False
Does 197 divide 18354?
False
Is 117941 a multiple of 167?
False
Is 11 a factor of 4016?
False
Is 12 a factor of 58?
False
Is 2 a factor of 1261?
False
Does 99 divide 1268?
False
Does 81 divide 50463?
True
Does 2 divide 8?
True
Is 5065 a multiple of 8?
False
Does 27 divide 405?
True
Is 39306 a multiple of 10?
False
Is 23141 a multiple of 71?
False
Is 13 a factor of 6422?
True
Is 900 a multiple of 25?
True
Is 20 a factor of 45128?
False
Is 1798 a multiple of 58?
True
Is 135396 a multiple of 47?
False
Is 175 a factor of 119230?
False
Does 7 divide 3164?
True
Is 44559 a multiple of 49?
False
Is 79 a multiple of 2?
False
Does 37 divide 1221?
True
Does 5 divide 15?
True
Does 6 divide 12?
True
Does 55 divide 550?
True
Does 22 divide 924?
True
Is 42 a multiple of 2?
True
Is 9 a factor of 24581?
False
Does 12 divide 27888?
True
Is 24 a factor of 230?
False
Is 1115 a multiple of 22?
False
Is 5045 a multiple of 5?
True
Is 62 a factor of 11585?
False
Does 73 divide 3723?
True
Is 34584 a multiple of 8?
True
Does 50 divide 4750?
True
Is 30 a factor of 608?
False
Does 3 divide 819?
True
Is 22 a factor of 242?
True
Is 12 a factor of 108?
True
Does 99 divide 1720?
False
Does 9 divide 171?
True
Is 67 a factor of 1491?
False
Is 59 a factor of 177?
True
Is 4176 a multiple of 16?
True
Does 13 divide 160030?
True
Is 27 a factor of 135?
True
Is 540 a multiple of 30?
True
Is 3612 a multiple of 28?
True
Is 11 a factor of 2981?
True
Is 106 a factor of 4169?
False
Does 41 divide 1558?
True
Is 318 a factor of 87663?
False
Is 38998 a multiple of 7?
False
Does 52 divide 12064?
True
Is 23 a multiple of 13?
False
Is 8 a factor of 1048?
True
Is 3640 a multiple of 7?
True
Does 35 divide 4067?
False
Is 10 a factor of 1080?
True
Does 5 divide 248?
False
Is 17920 a multiple of 14?
True
Is 3864 a multiple of 23?
True
Is 12108 a multiple of 4?
True
Is 4 a factor of 78?
False
Is 1568 a multiple of 12?
False
Is 44 a factor of 258?
False
Is 35 a factor of 70?
True
Does 6 divide 4446?
True
Does 190 divide 63917?
False
Does 5 divide 1275?
True
Does 14 divide 121?
False
Does 12 divide 2652?
True
Is 817 a multiple of 47?
False
Is 45 a factor of 1134?
False
Does 46 divide 1150?
True
Is 675 a multiple of 12?
False
Is 47 a multiple of 2?
False
Does 45 divide 339?
False
Is 306 even?
True
Is 24080 a multiple of 86?
True
Does 13 divide 30484?
False
Does 17 divide 1306?
False
Is 33239 a multiple of 6?
False
Is 1107 a multiple of 15?
False
Is 15 a factor of 12110?
False
Is 225 a factor of 5625?
True
Does 19 divide 3188?
False
Does 3 divide 2439?
True
Is 17 a factor of 698?
False
Is 29917 a multiple of 5?
False
Does 58 divide 150104?
True
Does 33 divide 6864?
True
Does 27 divide 1933?
False
Does 4 divide 332?
True
Does 11 divide 10214?
False
Does 232 divide 5800?
True
Does 88 divide 41712?
True
Is 852 a multiple of 8?
False
Does 3 divide 87?
True
Does 25 divide 2075?
True
Is 1354 a multiple of 18?
False
Is 28638 a multiple of 86?
True
Is 4 a factor of 107?
False
Does 17 divide 4777?
True
Is 13 a factor of 535?
False
Does 222 divide 100244?
False
Is 21 a factor of 426?
False
Is 969 a multiple of 57?
True
Does 47 divide 4042?
True
Does 6 divide 583?
False
Does 18 divide 660?
False
Is 266 a multiple of 7?
True
Is 194864 a multiple of 12?
False
Does 3 divide 492?
True
Is 6 a factor of 5755?
False
Does 17 divide 7414?
False
Does 17 divide 331?
False
Is 11191 a multiple of 31?
True
Is 9 a factor of 4768?
False
Is 31020 a multiple of 235?
True
Does 240 divide 27120?
True
Is 6 a factor of 131?
False
Is 13274 a multiple of 13?
False
Is 16 a factor of 1598?
False
Is 29 a factor of 10237?
True
Is 3 a factor of 562?
False
Is 738 a multiple of 3?
True
Does 83 divide 2573?
True
Does 18 divide 60239?
False
Is 2016 a multiple of 42?
True
Is 65 a factor of 105881?
False
Is 462 a multiple of 14?
True
Is 1728 a multiple of 12?
True
Is 86 a factor of 6192?
True
Does 9 divide 180?
True
Does 104 divide 1560?
True
Is 4 a factor of 725?
False
Is 557 a multiple of 28?
False
Is 161412 a multiple of 224?
False
Is 6032 a multiple of 52?
True
Does 8 divide 5992?
True
Does 61 divide 1647?
True
Is 2597 a multiple of 52?
False
Is 74 a factor of 8806?
True
Is 78 a factor of 232?
False
Is 24 a factor of 505?
False
Does 32 divide 3968?
True
Is 4039 a multiple of 136?
False
Is 115 a factor of 9315?
True
Is 10 a factor of 131?
False
Is 38 a factor of 476?
False
Is 4704 a multiple of 14?
True
Is 1177 a multiple of 107?
True
Is 28 a factor of 168?
True
Is 40940 a multiple of 10?
True
Is 11 a factor of 446?
False
Is 6808 a multiple of 14?
False
Is 2097 a multiple of 9?
True
Is 585 a multiple of 6?
False
Is 4026 a multiple of 3?
True
Does 13 divide 12921?
False
Is 132 a factor of 6732?
True
Is 13 a factor of 7501?
True
Is 17864 a multiple of 11?
True
Is 51048 a multiple of 24?
True
Is 7 a factor of 210?
True
Is 5000 a multiple of 8?
True
Is 683 a multiple of 6?
False
Does 14 divide 2964?
False
Does 4 divide 1684?
True
Is 7 a factor of 301?
True
Is 585 a multiple of 14?
False
Is 1341 a multiple of 149?
True
Is 224 a multiple of 112?
True
Does 57 divide 46398?
True
Is 185 a multiple of 37?
True
Is 12 a factor of 8609?
False
Is 816 a multiple of 17?
True
Does 23 divide 1150?
True
Does 19 divide 761?
False